) = m*j(g) + 2*b(g). Determine f(0).
10
Let i be 1 - 18/(2 - 0). Let l be 1/(-4) - 34/i. Let z(s) = -l*s + 4 + 8 - s**2 - 14. Determine z(-4).
-2
Let z(s) be the third derivative of s**7/280 + s**6/720 + 13*s**4/12 + 13*s**2. Let k(l) be the second derivative of z(l). Suppose 5*m = -0 + 5. What is k(m)?
10
Let u = 165 + -22. Let f = u - 132. Let l(x) = -x**2 + 12*x - 14. Calculate l(f).
-3
Let t = -51 + 41. Let c be (4/t)/((-54)/405). Let u(d) = 8*d - 2. What is u(c)?
22
Let d(l) = l**2 - 3*l + 8. Let k(y) = y - 1. Let g(t) = d(t) + 6*k(t). Let x be g(-2). Let i(u) = x*u + 3*u + 5 + 17*u**2 - 5*u - 18*u**2. Determine i(4).
-19
Let b(z) be the second derivative of -z**5/20 + 7*z**4/12 - z**3/2 + z**2 - 17*z + 5. What is b(3)?
29
Let d(m) = -14*m**2 - 15*m. Let u(q) = 5*q**2 + 5*q. Let x(h) = -6*d(h) - 17*u(h). Let s(p) = -p**3 + 6*p**2 + 7*p + 3. Let w be s(7). What is x(w)?
6
Let h(y) = -6*y**3 + 7*y**2 + 14*y - 4. Let n(c) = -5*c**3 + 7*c**2 + 13*c - 4. Let x(t) = 4*h(t) - 5*n(t). Calculate x(8).
-4
Suppose 5*z = -3*h + 8 - 1, -h = -2*z + 5. Let l(r) = 13*r - z - r - 14*r. Suppose -4*p + 16 - 4 = 0. Determine l(p).
-8
Let l(x) be the second derivative of x**5/20 + 11*x**4/12 - 11*x**3/6 + 3*x**2/2 + 11*x. Give l(-12).
-9
Let o(v) = -v**2 - 6*v + 8. Let t = 15 - 22. Let g be o(t). Let l(j) be the second derivative of j**5/4 + j**4/12 - j**3/6 + 2*j. Determine l(g).
5
Let f(h) = 24*h**2 - 3*h. Let d(y) = -8*y**2 + y. Let s(o) = -7*d(o) - 2*f(o). Let c = 69 + -67. Suppose 3*r + 2 = -c*p, p - r = 3*r - 1. What is s(p)?
9
Let q(g) = -g**3 + 12*g**2 + 12*g + 8. Let y be q(13). Let u be ((-2)/y)/((-1)/(-5)). Let m(s) = 3*s**3 - 3*s**2 + s. Give m(u).
14
Let w(b) = b**2 + 5*b - 6. Let g(r) = r**2 - 3*r - 1. Let q be g(-3). Let m = -23 + q. Calculate w(m).
0
Let f(x) = -x**2 - 8*x - 6. Suppose 25*b = 27*b + 4. Let y be ((-7)/(-7))/(b/10). Calculate f(y).
9
Let f(w) = -18*w**3 + 5*w**2 + 4*w - 5. Let p(z) = 53*z**3 - 14*z**2 - 11*z + 14. Let k(a) = 11*f(a) + 4*p(a). Determine k(1).
14
Let p(c) = c + 2. Let f be (2/(-12))/((-4)/72*3). Let m(k) = -10*k**2 - k. Let j be m(f). Determine p(j).
-9
Suppose 0 = -3*i - d - 16, -8*i + 12*i + 2*d = -22. Let v(y) = -7*y - 4. What is v(i)?
31
Let u(z) = z**3 - 11*z**2 + 8*z + 24. Let q = 618 + -608. What is u(q)?
4
Let s = -278 - -278. Let r = 1 + 0. Let t(x) = x - r + 0*x - 4. Determine t(s).
-5
Let r be ((-72)/(-30))/(4/10). Let y(n) be the third derivative of -n**5/60 + n**4/6 - 3*n**3/2 + 3*n**2. Give y(r).
-21
Let t(g) = -g**3 + g**2 + g - 14. Suppose 0 = 5*h + 5*r - 15, r - 6 + 3 = 4*h. Give t(h).
-14
Let i(g) be the third derivative of 0 + 0*g + 6*g**2 + 1/24*g**4 - g**3. Suppose -h = -2*h + 3. What is i(h)?
-3
Let w(y) = -9*y**2 - 2*y - 3. Suppose -4*n = 4, -4*m - 2*n + 2 = 8. Determine w(m).
-10
Let g(c) be the first derivative of -7 + 5/3*c**3 + 3/2*c**2 + 1/4*c**4 + 0*c. Let o be g(-4). Let x(t) = t**3 - 6*t**2 + 5*t + 4. Give x(o).
-8
Let v(r) be the third derivative of -r**4/24 + 4*r**3/3 - 53*r**2 - 2*r. Determine v(11).
-3
Let v(z) = -z**3 - 4*z**2 - 3*z + 3. Suppose -2*y = 3*j - 3*y + 38, -2*j = 5*y + 14. Let b = -8 - j. Suppose 0 = q + b, 3*l + 0*l = 5*q + 11. Give v(l).
3
Let n(h) be the second derivative of -h**4/12 - 7*h**3/6 + 5*h**2/2 + h + 5. Suppose -2*v - 1 = -j, -4*j - 2*v = -6*v + 12. Determine n(j).
5
Let n(m) = -m**2 + 4*m. Let a = 2 + -2. Suppose a*f = -5*f + 15. Determine n(f).
3
Suppose 11*b - 40 = -9*b. Let k(y) be the third derivative of 1/3*y**3 - 1/120*y**6 + 1/30*y**5 + 0 - 6*y**b + 1/6*y**4 + 0*y. Calculate k(-2).
10
Let y(b) = -3*b + 1. Let s = -7 + 11. Suppose 0 = -s*r + 3*r. Suppose r = -4*q + t - 7, -6*q + 2*q + 5 = 3*t. Give y(q).
4
Let v(j) = -6*j - 2. Let t(z) = -13*z - 4. Let f = -4 + 1. Let m(q) = f*t(q) + 7*v(q). Let k be 3*2*-1*(-4)/(-8). Determine m(k).
7
Let p(a) = -13*a + 32. Let d(h) = -8*h + 21. Let l(o) = -8*d(o) + 5*p(o). What is l(-5)?
-3
Let a be (((-1445)/(-20))/(-17))/((-1)/4). Let c(i) = -2*i**2 + 33*i + 2. Determine c(a).
-15
Let q(c) = c - 14. Let j be q(5). Suppose 3*w = -3*y + 24 + 33, -y + 2*w + 7 = 0. Let r = j + y. Let g(l) = l**2 - 4*l - 7. Give g(r).
5
Let y(g) = -g**2 - 4*g - 2. Let s(p) = -5*p**2 - 19*p - 11. Let w(d) = 5*d - 18. Let l be w(4). Let f(r) = l*s(r) - 11*y(r). Determine f(-5).
-5
Let r(x) be the first derivative of x**3/3 + x**2/2 - 4*x - 73. Give r(0).
-4
Let d(x) be the third derivative of x**5/60 + 3*x**4/8 + 5*x**3/3 - 73*x**2. Give d(-8).
2
Let z(l) be the third derivative of -5*l**4/8 + l**3/6 - 52*l**2. Give z(1).
-14
Let q(k) = k + 3. Let h = 26 - 18. Let b(x) = -5*x**2 - 2 + 3*x**2 + h*x + x**2. Let z be b(7). Calculate q(z).
8
Let a(c) = -9*c**2 - 5*c + 29. Let g(v) = 11*v**2 + 4*v - 29. Let t(i) = 6*a(i) + 5*g(i). Determine t(7).
8
Let v be (-48)/(-72) - 50/(-6). Let g(f) = -f**3 + 10*f**2 - 10*f - 1. Determine g(v).
-10
Let i be (2 - (112/35)/4)*5. Let w(m) = -2*m**3 - 7*m**2 + 9*m - 4. Let c(s) = -s**3 + s + 1. Let a(t) = -3*c(t) + w(t). Give a(i).
-7
Let d(f) be the third derivative of f**6/120 - f**5/12 + f**4/12 - f**3/6 + 65*f**2. Give d(5).
9
Let b(d) = 11*d**2 - 4*d**2 + 3 - 4*d**3 - 3*d + 1 - 2 - 8*d**2. What is b(2)?
-40
Let j = 1088 - 1080. Let f(l) = -5*l + 17. Determine f(j).
-23
Let y be 1/(-2) - 2/(-4). Let l(f) be the first derivative of -f**3/3 + 8*f + 136. What is l(y)?
8
Let y be 2/3 - (-5)/(-3). Let i(q) = 3*q. Let b(k) = 4*k**3 - k + 5. Let f be b(2). Let t(n) = -50*n. Let a(u) = f*i(u) + 2*t(u). Calculate a(y).
-5
Let z(r) = 9*r**2 - 1. Let k(g) = -28*g**2 + g + 4. Let o(u) = 2*k(u) + 7*z(u). Let j = -60 - -40. Let b be j/12 + 4*(-3)/(-18). What is o(b)?
6
Let z(j) = j - 2. Let i = 1389 - 1381. Determine z(i).
6
Let c(a) = a**3 + 5*a**2 + a + 1. Let w(y) = -y - 5. Suppose -4*f - 30 = 2*m, 8*f - 3*f + 4*m + 33 = 0. Let o = f - -9. Let q be w(o). Determine c(q).
-4
Let i be 12*(-1)/8*4. Let d(t) = -t**3 - 5*t**2 + 3*t - 10. Determine d(i).
8
Suppose -5*a - 2*z = 2*z + 10, 0 = 2*z - 10. Let v(r) = r**2 + 5*r - 8. Let h be v(a). Let n = -2 + h. Let l(j) = -2*j - 1. Calculate l(n).
7
Suppose 0 = 4*l - 11 + 3. Suppose -5*o - 3*h = -4, 0*o + 4*o - 4 = -l*h. Suppose -6 = o*u - u. Let k(j) = j**2 + 4*j - 3. Give k(u).
9
Suppose -2*i + 5 = -i. Let t(u) = u - 6. Let b(x) = -x. Let g(f) = -2*b(f) - t(f). Let n(y) = -6*y - 24. Let p(j) = -9*g(j) - 2*n(j). Give p(i).
9
Let t(w) = w**3 - 9*w**2 + 6*w + 9. Suppose 0 = -35*k + 24*k + 88. Determine t(k).
-7
Suppose 0 = 4*i + 20 - 32. Suppose 0*b - 2*f + 10 = -i*b, -2*b + f - 5 = 0. Let h(w) = w**2 - w + 5. Determine h(b).
5
Suppose 3*d = -4*d + 28. Let o(b) = -b - 4. Determine o(d).
-8
Let l(s) be the third derivative of 13/6*s**3 + 24*s**2 + 1/120*s**6 + 3/20*s**5 + 0 + 1/12*s**4 + 0*s. Give l(-9).
-5
Let d(f) = f**2 - 2*f - 1. Let r(s) = s**3 + 13*s**2 + 42*s + 4. Let b be r(-7). Calculate d(b).
7
Let q = 11 - 10. Let z(w) = 238*w - q + 0 - 239*w. Calculate z(6).
-7
Let g = 61 + -59. Let p(k) be the third derivative of k**2 + 1/15*k**5 - 1/3*k**3 + 0*k - 1/60*k**6 - 1/24*k**4 + 0. Give p(g).
-4
Let z be ((-8)/(-6))/(32/144). Suppose -w = -4*w - z. Let r(k) = -k**2 - 3*k - 3. What is r(w)?
-1
Let z(w) = 3*w + 20*w - 9*w**2 - 2 - 7*w + w**3 - 2*w. Determine z(7).
-2
Let d(a) = -a - 34. Let o be (1 - 5)*-55*(-1)/10. Determine d(o).
-12
Let d(y) = 10*y - 3*y - 4*y + 0 + 2 - 5*y. What is d(-2)?
6
Let p(s) = s**2 + 2*s - 8. Let y be p(-3). Let q(w) = w**2 - w - 1. Give q(y).
29
Suppose -2*l + 2 = -4*d, 5*l + 5*d + 11 - 31 = 0. Let y be ((-2)/l)/(4/(-24)). Let v(z) be the second derivative of z**3/6 - z**2/2 + z - 15. What is v(y)?
3
Let p(o) = 8*o + 1. Let y(f) = f + 13. Let g be y(-9). Let a(h) = 9*h + 2. Let t(d) = g*p(d) - 3*a(d). Calculate t(2).
8
Let t(b) = 6*b + 1. Suppose 25*p = 29*p + 4. Calculate t(p).
-5
Let p(j) = -j**3 + j**2 + 2*j + 1. Let x be p(-1). Suppose -4*n = 8*i - 4*i, -2*n - i = 0. Let y(c) = -x - 2 + 2*c + n - c. Calculate y(6).
3
Suppose 4*f = 5*b + 29, 4*f = b - 3*b + 22. Suppose 41 + 3 = 4*v. Let m = f - v. Let n(s) = s**2 + 6*s - 3. Calculate n(m).
-8
Let h(u) = -34*u**2 - u + 1. Suppose -i - 6*n = -11*n - 26, 0 = -5*i - 3*n - 10. Give h(i).
-34
Let t(j) be the third derivative of -j**3/6 + 70*j**2. Let z(g) = -g. Let n(c) = 6*c - 1. Let b